actor of 25215 and 225705?
615
Calculate the highest common divisor of 1359 and 276783.
453
Calculate the greatest common factor of 5461 and 18288.
127
Calculate the highest common factor of 3421 and 868001.
311
What is the highest common factor of 24 and 89112?
24
Calculate the highest common divisor of 33396 and 9856.
44
Calculate the greatest common factor of 82 and 111889.
41
What is the highest common factor of 221 and 5083?
221
Calculate the greatest common factor of 2211 and 649.
11
What is the highest common divisor of 6336 and 991056?
528
Calculate the greatest common factor of 2542 and 1722.
82
Calculate the greatest common factor of 977996 and 116.
116
What is the highest common divisor of 836 and 21274?
22
What is the highest common factor of 203 and 833837?
29
Calculate the highest common factor of 208825 and 1175.
25
Calculate the greatest common factor of 417 and 129548.
139
Calculate the highest common factor of 181 and 4568983.
181
What is the greatest common factor of 6790 and 1120?
70
What is the highest common factor of 23 and 8229147?
23
Calculate the highest common divisor of 110 and 124380.
10
What is the highest common divisor of 3402 and 21?
21
What is the highest common divisor of 170 and 7718?
34
What is the highest common divisor of 40468 and 5092?
268
What is the highest common factor of 114 and 4520157?
57
What is the highest common factor of 91 and 714623?
91
What is the greatest common divisor of 1014786 and 18?
18
What is the highest common factor of 136 and 1355240?
136
What is the greatest common divisor of 16440 and 9240?
120
Calculate the greatest common factor of 5407598 and 238.
238
What is the highest common factor of 13 and 221429?
13
Calculate the highest common factor of 90795 and 465.
15
What is the highest common factor of 1605 and 147018?
321
What is the greatest common divisor of 7347 and 2133?
237
What is the highest common divisor of 658 and 112?
14
What is the greatest common divisor of 274447 and 7874?
127
Calculate the greatest common divisor of 2198 and 80698.
314
What is the greatest common factor of 5223123 and 81?
81
What is the greatest common divisor of 138769 and 302?
151
What is the greatest common divisor of 186 and 127131?
93
Calculate the greatest common divisor of 1547 and 56576.
221
Calculate the highest common factor of 2179722 and 5629.
433
What is the greatest common divisor of 88401 and 2984?
373
Calculate the highest common factor of 112 and 16308.
4
What is the greatest common factor of 145097 and 373?
373
Calculate the greatest common divisor of 189525 and 57.
57
What is the highest common divisor of 26088 and 1296?
24
Calculate the highest common factor of 86213 and 511.
73
Calculate the greatest common divisor of 2266 and 418.
22
Calculate the highest common divisor of 4066 and 5814.
38
Calculate the highest common divisor of 6540 and 3488.
436
What is the highest common factor of 174042 and 21978?
594
What is the greatest common divisor of 90 and 2698770?
30
What is the greatest common divisor of 1130 and 38194?
226
What is the highest common divisor of 12544 and 637?
49
Calculate the greatest common divisor of 8454488 and 112.
56
Calculate the highest common divisor of 544432 and 112.
112
Calculate the highest common divisor of 42 and 28959.
21
Calculate the highest common factor of 357 and 61200.
51
What is the highest common divisor of 36115 and 1395?
155
Calculate the greatest common divisor of 14904 and 54464.
184
What is the highest common divisor of 190 and 4408570?
190
What is the highest common factor of 4 and 844084?
4
What is the greatest common factor of 12 and 977055?
3
What is the greatest common divisor of 3834362 and 683?
683
Calculate the greatest common factor of 39985 and 50.
5
What is the highest common divisor of 1972 and 44776?
116
What is the greatest common divisor of 495 and 745635?
165
What is the greatest common divisor of 2021745 and 22?
11
What is the highest common divisor of 87906 and 2346?
138
Calculate the greatest common divisor of 12089 and 137375.
1099
Calculate the highest common factor of 40 and 50970.
10
Calculate the highest common divisor of 189535 and 5.
5
What is the greatest common divisor of 102811 and 1?
1
Calculate the highest common divisor of 44 and 2412.
4
Calculate the greatest common divisor of 595 and 168895.
85
What is the highest common divisor of 126 and 4704?
42
Calculate the highest common divisor of 472 and 4613446.
118
What is the greatest common factor of 560 and 1715?
35
What is the greatest common divisor of 507381 and 111?
111
Calculate the highest common divisor of 833458 and 4303.
331
What is the highest common factor of 74864 and 32?
16
Calculate the highest common divisor of 8 and 16136.
8
Calculate the greatest common factor of 24 and 69128.
8
What is the greatest common factor of 686 and 1667?
1
What is the greatest common divisor of 1573 and 299?
13
Calculate the highest common divisor of 186318 and 891.
99
Calculate the highest common divisor of 2768 and 1664.
16
What is the highest common factor of 225517 and 244?
61
Calculate the greatest common divisor of 35712 and 1178.
62
What is the greatest common divisor of 97440 and 49416?
696
Calculate the greatest common factor of 544587 and 1503.
501
Calculate the greatest common divisor of 962 and 10036.
26
Calculate the greatest common factor of 9504 and 768.
96
Calculate the greatest common divisor of 231333 and 87.
87
What is the greatest common divisor of 54038 and 117302?
1318
What is the highest common factor of 3454 and 1413?
157
What is the highest common divisor of 18142 and 16826?
94
What is the greatest common divisor of 12995 and 9040?
565
Calculate the greatest common factor of 1352 and 325000.
104
Calculate the highest common divisor of 48 and 10596.
12
What is the greatest common divisor of 2100 and 1234380?
420
Calculate the highest common divisor of 498 and 263442.
498
Calculate the greatest common factor of 80 and 100680.
40
What is the greatest common factor of 438856 and 440?
88
Calculate the greatest common factor of 205 and 1674235.
205
What is the greatest common divisor of 108 and 2112?
12
Calculate the greatest common divisor of 972 and 87903.
9
Calculate the highest common factor of 414777 and 66.
33
What is the highest common divisor of 2409 and 14916?
33
Calculate the greatest common divisor of 342 and 6324435.
171
Calculate the highest common divisor of 57341 and 136.
17
Calculate the greatest common factor of 22 and 2360.
2
What is the greatest common factor of 374 and 274142?
374
Calculate the greatest common divisor of 84 and 5061.
21
Calculate the highest common divisor of 414 and 218.
2
Calculate the greatest common divisor of 8282 and 656.
82
Calculate the highest common divisor of 8061840 and 720.
720
What is the highest common divisor of 872 and 27250?
218
Calculate the highest common factor of 12089841 and 397.
397
What is the greatest common divisor of 144657 and 27?
9
Calculate the greatest common factor of 20374 and 1586.
122
What is the highest common divisor of 1037 and 48068?
61
Calculate the highest common divisor of 51678 and 15.
3
What is the highest common factor of 226876 and 416?
52
What is the greatest common factor of 9010 and 54590?
530
What is the greatest common factor of 57 and 209?
19
What is the highest common divisor of 145975 and 225?
25
What is the highest common factor of 716 and 39559?
179
Calculate the greatest common divisor of 60 and 135140.
20
Calculate the highest common factor of 267591 and 1146.
573
What is the highest common divisor of 1870 and 1242615?
935
What is the highest common divisor of 19123 and 182?
13
Calculate the highest common factor of 5396278 and 1304.
326
Calculate the highest common factor of 5925 and 825.
75
Calculate the highest common factor of 14071989 and 3306.
1653
What is the highest common divisor of 1071 and 4775946?
357
Calculate the greatest common factor of 12416 and 4096.
128
Calculate the highest common divisor of 4029 and 123267.
51
Calculate the greatest common factor of 17151592 and 904.
904
Calculate the highest common divisor of 33 and 19823133.
33
What is the greatest common factor of 36288 and 2808?
216
Calculate the greatest common divisor